51.38.44.241 - - [22/Apr/2026:19:53:32 +0200] "GET /img/entrumpelungen.jpg HTTP/1.1" 200 25577 "-" "python-urllib3/1.26.18"
51.38.44.241 - - [22/Apr/2026:19:53:44 +0200] "GET /wp-content/uploads/2018/04/elineois24recycling.jpg HTTP/1.1" 200 18585 "-" "python-urllib3/1.26.18"
51.38.44.241 - - [22/Apr/2026:19:53:44 +0200] "GET /wp-content/uploads/2018/07/d371ize880-300x300.jpg HTTP/1.1" 200 21035 "-" "python-urllib3/1.26.18"
54.37.23.159 - - [22/Apr/2026:19:55:21 +0200] "GET /img/entrumpelungen.jpg HTTP/1.1" 200 25577 "-" "python-urllib3/1.26.9"
54.37.23.159 - - [22/Apr/2026:19:56:05 +0200] "GET /wp-content/uploads/2018/07/d371ize880-300x300.jpg HTTP/1.1" 200 21035 "-" "python-urllib3/1.26.9"
54.37.23.159 - - [22/Apr/2026:19:56:27 +0200] "GET /wp-content/uploads/2018/04/elineois24recycling.jpg HTTP/1.1" 200 18585 "-" "python-urllib3/1.26.9"
54.37.151.0 - - [22/Apr/2026:19:57:41 +0200] "GET /img/entrumpelungen.jpg HTTP/1.1" 200 25577 "-" "python-urllib3/1.26.18"
54.37.151.0 - - [22/Apr/2026:19:58:38 +0200] "GET /wp-content/uploads/2018/04/elineois24recycling.jpg HTTP/1.1" 200 18585 "-" "python-urllib3/1.26.18"
54.37.151.0 - - [22/Apr/2026:19:59:24 +0200] "GET /wp-content/uploads/2018/07/d371ize880-300x300.jpg HTTP/1.1" 200 21035 "-" "python-urllib3/1.26.18"
51.38.47.24 - - [22/Apr/2026:20:00:15 +0200] "GET /wp-content/uploads/2018/07/d371ize880-300x300.jpg HTTP/1.1" 200 21035 "-" "python-urllib3/1.26.9"
51.38.47.24 - - [22/Apr/2026:20:00:32 +0200] "GET /img/entrumpelungen.jpg HTTP/1.1" 200 25577 "-" "python-urllib3/1.26.9"
51.38.47.24 - - [22/Apr/2026:20:01:07 +0200] "GET /wp-content/uploads/2018/04/elineois24recycling.jpg HTTP/1.1" 200 18585 "-" "python-urllib3/1.26.9"
54.37.23.14 - - [22/Apr/2026:20:02:00 +0200] "GET /wp-content/uploads/2018/07/d371ize880-300x300.jpg HTTP/1.1" 200 21035 "-" "python-urllib3/1.26.9"
54.37.23.14 - - [22/Apr/2026:20:02:39 +0200] "GET /wp-content/uploads/2018/04/elineois24recycling.jpg HTTP/1.1" 200 18585 "-" "python-urllib3/1.26.9"
54.37.23.14 - - [22/Apr/2026:20:02:58 +0200] "GET /img/entrumpelungen.jpg HTTP/1.1" 200 25577 "-" "python-urllib3/1.26.9"
54.37.23.187 - - [22/Apr/2026:20:11:40 +0200] "GET /img/entrumpelungen.jpg HTTP/1.1" 200 25577 "-" "python-urllib3/1.26.9"
54.37.23.16 - - [22/Apr/2026:20:11:43 +0200] "GET /wp-content/uploads/2018/04/elineois24recycling.jpg HTTP/1.1" 200 18585 "-" "python-urllib3/1.26.9"
54.37.23.16 - - [22/Apr/2026:20:12:04 +0200] "GET /img/entrumpelungen.jpg HTTP/1.1" 200 25577 "-" "python-urllib3/1.26.9"
54.37.23.16 - - [22/Apr/2026:20:12:23 +0200] "GET /wp-content/uploads/2018/07/d371ize880-300x300.jpg HTTP/1.1" 200 21035 "-" "python-urllib3/1.26.9"
54.37.23.187 - - [22/Apr/2026:20:12:33 +0200] "GET /wp-content/uploads/2018/07/d371ize880-300x300.jpg HTTP/1.1" 200 21035 "-" "python-urllib3/1.26.9"
54.37.23.187 - - [22/Apr/2026:20:12:58 +0200] "GET /wp-content/uploads/2018/04/elineois24recycling.jpg HTTP/1.1" 200 18585 "-" "python-urllib3/1.26.9"
147.135.193.88 - - [22/Apr/2026:20:13:29 +0200] "GET /wp-content/uploads/2018/07/d371ize880-300x300.jpg HTTP/1.1" 200 21035 "-" "python-urllib3/1.26.9"
147.135.193.88 - - [22/Apr/2026:20:13:50 +0200] "GET /img/entrumpelungen.jpg HTTP/1.1" 200 25577 "-" "python-urllib3/1.26.9"
147.135.193.88 - - [22/Apr/2026:20:14:31 +0200] "GET /wp-content/uploads/2018/04/elineois24recycling.jpg HTTP/1.1" 200 18585 "-" "python-urllib3/1.26.9"
17.241.75.157 - - [22/Apr/2026:20:28:45 +0200] "GET /wp-includes/js/jquery/jquery-migrate.min.js?ver=3.4.1 HTTP/1.1" 200 4882 "http://www.elineois.de/?s=MAN%20%E3%83%93%E3%82%B8%E3%83%8D%E3%82%B9%E3%82%B7%E3%83%A5%E3%83%BC%E3%82%BA%20%E3%82%B9%E3%83%AA%E3%83%83%E3%83%9D%E3%83%B3%20%E3%82%BF%E3%83%83%E3%82%BB%E3%83%AB%E3%83%AD%E3%83%BC%E3%83%95%E3%82%A1%E3%83%BC%20%E6%9C%AC%E9%9D%A9%20ZARAWa.933166" "Mozilla/5.0 (Macintosh; Intel Mac OS X 10_15_7) AppleWebKit/605.1.15 (KHTML, like Gecko) Version/17.4 Safari/605.1.15 (Applebot/0.1; +http://www.apple.com/go/applebot)"
17.241.227.97 - - [22/Apr/2026:20:28:46 +0200] "GET /wp-content/themes/twentyseventeen/style.css?ver=6.9.4 HTTP/1.1" 200 15574 "http://www.elineois.de/?s=MAN%20%E3%83%93%E3%82%B8%E3%83%8D%E3%82%B9%E3%82%B7%E3%83%A5%E3%83%BC%E3%82%BA%20%E3%82%B9%E3%83%AA%E3%83%83%E3%83%9D%E3%83%B3%20%E3%82%BF%E3%83%83%E3%82%BB%E3%83%AB%E3%83%AD%E3%83%BC%E3%83%95%E3%82%A1%E3%83%BC%20%E6%9C%AC%E9%9D%A9%20ZARAWa.933166" "Mozilla/5.0 (Macintosh; Intel Mac OS X 10_15_7) AppleWebKit/605.1.15 (KHTML, like Gecko) Version/17.4 Safari/605.1.15 (Applebot/0.1; +http://www.apple.com/go/applebot)"
17.241.227.118 - - [22/Apr/2026:20:28:48 +0200] "GET /wp-includes/js/jquery/jquery.min.js?ver=3.7.1 HTTP/1.1" 200 30355 "http://www.elineois.de/?s=MAN%20%E3%83%93%E3%82%B8%E3%83%8D%E3%82%B9%E3%82%B7%E3%83%A5%E3%83%BC%E3%82%BA%20%E3%82%B9%E3%83%AA%E3%83%83%E3%83%9D%E3%83%B3%20%E3%82%BF%E3%83%83%E3%82%BB%E3%83%AB%E3%83%AD%E3%83%BC%E3%83%95%E3%82%A1%E3%83%BC%20%E6%9C%AC%E9%9D%A9%20ZARAWa.933166" "Mozilla/5.0 (Macintosh; Intel Mac OS X 10_15_7) AppleWebKit/605.1.15 (KHTML, like Gecko) Version/17.4 Safari/605.1.15 (Applebot/0.1; +http://www.apple.com/go/applebot)"
17.241.227.36 - - [22/Apr/2026:20:28:49 +0200] "GET /wp-content/plugins/feedback-modal-for-website/assets/icons/line-awesome/css/la.min.css?ver=1.3.0 HTTP/1.1" 200 15912 "http://www.elineois.de/?s=MAN%20%E3%83%93%E3%82%B8%E3%83%8D%E3%82%B9%E3%82%B7%E3%83%A5%E3%83%BC%E3%82%BA%20%E3%82%B9%E3%83%AA%E3%83%83%E3%83%9D%E3%83%B3%20%E3%82%BF%E3%83%83%E3%82%BB%E3%83%AB%E3%83%AD%E3%83%BC%E3%83%95%E3%82%A1%E3%83%BC%20%E6%9C%AC%E9%9D%A9%20ZARAWa.933166" "Mozilla/5.0 (Macintosh; Intel Mac OS X 10_15_7) AppleWebKit/605.1.15 (KHTML, like Gecko) Version/17.4 Safari/605.1.15 (Applebot/0.1; +http://www.apple.com/go/applebot)"
17.241.219.165 - - [22/Apr/2026:20:28:51 +0200] "GET /wp-content/plugins/feedback-modal-for-website/assets/css/fm-public.css?ver=1.0.1 HTTP/1.1" 200 3700 "http://www.elineois.de/?s=MAN%20%E3%83%93%E3%82%B8%E3%83%8D%E3%82%B9%E3%82%B7%E3%83%A5%E3%83%BC%E3%82%BA%20%E3%82%B9%E3%83%AA%E3%83%83%E3%83%9D%E3%83%B3%20%E3%82%BF%E3%83%83%E3%82%BB%E3%83%AB%E3%83%AD%E3%83%BC%E3%83%95%E3%82%A1%E3%83%BC%20%E6%9C%AC%E9%9D%A9%20ZARAWa.933166" "Mozilla/5.0 (Macintosh; Intel Mac OS X 10_15_7) AppleWebKit/605.1.15 (KHTML, like Gecko) Version/17.4 Safari/605.1.15 (Applebot/0.1; +http://www.apple.com/go/applebot)"
17.241.75.157 - - [22/Apr/2026:20:28:53 +0200] "GET /wp-content/themes/twentyseventeen/assets/js/global.js?ver=1.0 HTTP/1.1" 200 2616 "http://www.elineois.de/?s=MAN%20%E3%83%93%E3%82%B8%E3%83%8D%E3%82%B9%E3%82%B7%E3%83%A5%E3%83%BC%E3%82%BA%20%E3%82%B9%E3%83%AA%E3%83%83%E3%83%9D%E3%83%B3%20%E3%82%BF%E3%83%83%E3%82%BB%E3%83%AB%E3%83%AD%E3%83%BC%E3%83%95%E3%82%A1%E3%83%BC%20%E6%9C%AC%E9%9D%A9%20ZARAWa.933166" "Mozilla/5.0 (Macintosh; Intel Mac OS X 10_15_7) AppleWebKit/605.1.15 (KHTML, like Gecko) Version/17.4 Safari/605.1.15 (Applebot/0.1; +http://www.apple.com/go/applebot)"
17.241.227.97 - - [22/Apr/2026:20:28:55 +0200] "GET /wp-content/themes/twentyseventeen/assets/js/jquery.scrollTo.js?ver=2.1.2 HTTP/1.1" 200 2421 "http://www.elineois.de/?s=MAN%20%E3%83%93%E3%82%B8%E3%83%8D%E3%82%B9%E3%82%B7%E3%83%A5%E3%83%BC%E3%82%BA%20%E3%82%B9%E3%83%AA%E3%83%83%E3%83%9D%E3%83%B3%20%E3%82%BF%E3%83%83%E3%82%BB%E3%83%AB%E3%83%AD%E3%83%BC%E3%83%95%E3%82%A1%E3%83%BC%20%E6%9C%AC%E9%9D%A9%20ZARAWa.933166" "Mozilla/5.0 (Macintosh; Intel Mac OS X 10_15_7) AppleWebKit/605.1.15 (KHTML, like Gecko) Version/17.4 Safari/605.1.15 (Applebot/0.1; +http://www.apple.com/go/applebot)"
17.241.227.118 - - [22/Apr/2026:20:28:56 +0200] "GET /wp-content/plugins/feedback-modal-for-website/assets/js/fm-public.js?ver=1.0.1 HTTP/1.1" 200 1918 "http://www.elineois.de/?s=MAN%20%E3%83%93%E3%82%B8%E3%83%8D%E3%82%B9%E3%82%B7%E3%83%A5%E3%83%BC%E3%82%BA%20%E3%82%B9%E3%83%AA%E3%83%83%E3%83%9D%E3%83%B3%20%E3%82%BF%E3%83%83%E3%82%BB%E3%83%AB%E3%83%AD%E3%83%BC%E3%83%95%E3%82%A1%E3%83%BC%20%E6%9C%AC%E9%9D%A9%20ZARAWa.933166" "Mozilla/5.0 (Macintosh; Intel Mac OS X 10_15_7) AppleWebKit/605.1.15 (KHTML, like Gecko) Version/17.4 Safari/605.1.15 (Applebot/0.1; +http://www.apple.com/go/applebot)"
17.241.75.74 - - [22/Apr/2026:20:28:58 +0200] "GET /wp-includes/js/wp-emoji-release.min.js?ver=6.9.4 HTTP/1.1" 200 5281 "http://www.elineois.de/?s=MAN%20%E3%83%93%E3%82%B8%E3%83%8D%E3%82%B9%E3%82%B7%E3%83%A5%E3%83%BC%E3%82%BA%20%E3%82%B9%E3%83%AA%E3%83%83%E3%83%9D%E3%83%B3%20%E3%82%BF%E3%83%83%E3%82%BB%E3%83%AB%E3%83%AD%E3%83%BC%E3%83%95%E3%82%A1%E3%83%BC%20%E6%9C%AC%E9%9D%A9%20ZARAWa.933166" "Mozilla/5.0 (Macintosh; Intel Mac OS X 10_15_7) AppleWebKit/605.1.15 (KHTML, like Gecko) Version/17.4 Safari/605.1.15 (Applebot/0.1; +http://www.apple.com/go/applebot)"
3.143.235.54 - - [22/Apr/2026:20:39:47 +0200] "GET /img/entrumpelungen.jpg HTTP/1.1" 200 25577 "-" "Mozilla/5.0 (Macintosh; Intel Mac OS X 10_15_7) AppleWebKit/537.36 (KHTML, like Gecko) Chrome/131.0.0.0 Safari/537.36; ClaudeBot/1.0; +claudebot@anthropic.com)"
3.143.235.54 - - [22/Apr/2026:20:39:47 +0200] "GET /wp-content/uploads/2018/07/fr_9833_size880-1.jpg HTTP/1.1" 200 13453 "-" "Mozilla/5.0 (Macintosh; Intel Mac OS X 10_15_7) AppleWebKit/537.36 (KHTML, like Gecko) Chrome/131.0.0.0 Safari/537.36; ClaudeBot/1.0; +claudebot@anthropic.com)"
3.143.235.54 - - [22/Apr/2026:20:39:47 +0200] "GET /wp-content/uploads/2018/04/elineois24recycling.jpg HTTP/1.1" 200 18585 "-" "Mozilla/5.0 (Macintosh; Intel Mac OS X 10_15_7) AppleWebKit/537.36 (KHTML, like Gecko) Chrome/131.0.0.0 Safari/537.36; ClaudeBot/1.0; +claudebot@anthropic.com)"
3.143.235.54 - - [22/Apr/2026:20:39:47 +0200] "GET /wp-content/uploads/2018/07/d371ize880-300x300.jpg HTTP/1.1" 200 21035 "-" "Mozilla/5.0 (Macintosh; Intel Mac OS X 10_15_7) AppleWebKit/537.36 (KHTML, like Gecko) Chrome/131.0.0.0 Safari/537.36; ClaudeBot/1.0; +claudebot@anthropic.com)"
104.37.185.2 - - [22/Apr/2026:20:42:46 +0200] "GET /wp-content/uploads/2018/04/elineois24recycling.jpg HTTP/1.1" 200 18585 "http://www.elineois.de" "Mozilla/5.0 (Windows NT 10.0; Win64; x64) AppleWebKit/537.36 (KHTML, like Gecko) Chrome/122.0.0.0 Safari/537.36"
104.37.185.2 - - [22/Apr/2026:20:43:22 +0200] "GET /wp-content/uploads/2021/03/cropped-IMG_2373-270x270.jpg HTTP/1.1" 200 33980 "http://www.elineois.de" "Mozilla/5.0 (Windows NT 10.0; Win64; x64) AppleWebKit/537.36 (KHTML, like Gecko) Chrome/122.0.0.0 Safari/537.36"
147.135.195.193 - - [22/Apr/2026:20:44:01 +0200] "GET /img/entrumpelungen.jpg HTTP/1.1" 200 25577 "-" "python-urllib3/1.26.9"
147.135.195.193 - - [22/Apr/2026:20:44:16 +0200] "GET /wp-content/uploads/2018/04/elineois24recycling.jpg HTTP/1.1" 200 18585 "-" "python-urllib3/1.26.9"
104.37.185.2 - - [22/Apr/2026:20:44:19 +0200] "GET /wp-content/uploads/2018/07/fr_9833_size880-1.jpg HTTP/1.1" 200 13453 "http://www.elineois.de" "Mozilla/5.0 (Windows NT 10.0; Win64; x64) AppleWebKit/537.36 (KHTML, like Gecko) Chrome/122.0.0.0 Safari/537.36"
147.135.195.193 - - [22/Apr/2026:20:44:26 +0200] "GET /wp-content/uploads/2018/07/d371ize880-300x300.jpg HTTP/1.1" 200 21035 "-" "python-urllib3/1.26.9"
147.135.195.193 - - [22/Apr/2026:20:44:35 +0200] "GET /wp-content/uploads/2018/04/cropped-elineois24recycling.jpg HTTP/1.1" 200 145995 "-" "python-urllib3/1.26.9"
54.37.22.95 - - [22/Apr/2026:20:48:58 +0200] "GET /wp-content/uploads/2018/07/d371ize880-300x300.jpg HTTP/1.1" 200 21035 "-" "python-urllib3/1.26.18"
54.37.22.95 - - [22/Apr/2026:20:49:23 +0200] "GET /wp-content/uploads/2018/04/cropped-elineois24recycling.jpg HTTP/1.1" 200 145995 "-" "python-urllib3/1.26.18"
54.37.22.95 - - [22/Apr/2026:20:49:32 +0200] "GET /wp-content/uploads/2018/04/elineois24recycling.jpg HTTP/1.1" 200 18585 "-" "python-urllib3/1.26.18"
54.37.22.95 - - [22/Apr/2026:20:49:41 +0200] "GET /img/entrumpelungen.jpg HTTP/1.1" 200 25577 "-" "python-urllib3/1.26.18"
104.37.185.2 - - [22/Apr/2026:20:51:43 +0200] "GET /img/entrumpelungen.jpg HTTP/1.1" 200 25577 "http://www.elineois.de" "Mozilla/5.0 (Windows NT 10.0; Win64; x64) AppleWebKit/537.36 (KHTML, like Gecko) Chrome/122.0.0.0 Safari/537.36"
54.37.23.114 - - [22/Apr/2026:20:54:02 +0200] "GET /wp-content/uploads/2018/07/d371ize880-300x300.jpg HTTP/1.1" 200 21035 "-" "python-urllib3/1.26.9"
54.37.23.114 - - [22/Apr/2026:20:54:23 +0200] "GET /img/entrumpelungen.jpg HTTP/1.1" 200 25577 "-" "python-urllib3/1.26.9"
54.37.23.114 - - [22/Apr/2026:20:54:44 +0200] "GET /wp-content/uploads/2018/04/elineois24recycling.jpg HTTP/1.1" 200 18585 "-" "python-urllib3/1.26.9"
104.37.185.2 - - [22/Apr/2026:21:01:18 +0200] "GET /wp-content/uploads/2018/07/d371ize880-300x300.jpg HTTP/1.1" 200 21035 "http://www.elineois.de" "Mozilla/5.0 (Windows NT 10.0; Win64; x64) AppleWebKit/537.36 (KHTML, like Gecko) Chrome/122.0.0.0 Safari/537.36"
69.10.48.159 - - [22/Apr/2026:21:02:06 +0200] "GET /img/entrumpelungen.jpg HTTP/1.1" 200 25577 "http://www.elineois.de" "Mozilla/5.0 (Windows NT 10.0; Win64; x64) AppleWebKit/537.36 (KHTML, like Gecko) Chrome/122.0.0.0 Safari/537.36"
69.10.48.159 - - [22/Apr/2026:21:02:13 +0200] "GET /wp-content/uploads/2021/03/cropped-IMG_2373-270x270.jpg HTTP/1.1" 200 33980 "http://www.elineois.de" "Mozilla/5.0 (Windows NT 10.0; Win64; x64) AppleWebKit/537.36 (KHTML, like Gecko) Chrome/122.0.0.0 Safari/537.36"
51.38.47.24 - - [22/Apr/2026:21:08:14 +0200] "GET /wp-content/uploads/2018/07/d371ize880-300x300.jpg HTTP/1.1" 200 21035 "-" "python-urllib3/1.26.9"
51.38.47.24 - - [22/Apr/2026:21:08:34 +0200] "GET /img/entrumpelungen.jpg HTTP/1.1" 200 25577 "-" "python-urllib3/1.26.9"
51.38.47.24 - - [22/Apr/2026:21:09:08 +0200] "GET /wp-content/uploads/2018/04/elineois24recycling.jpg HTTP/1.1" 200 18585 "-" "python-urllib3/1.26.9"
17.246.15.151 - - [22/Apr/2026:21:17:05 +0200] "GET /wp-content/themes/twentyseventeen/style.css?ver=6.9.4 HTTP/1.1" 200 15574 "http://www.elineois.de/entsorgung-moebel-recycling-entsorgung-berlin-berlin-03060977577/tag/pauschalpreis-moebeltransport-berlin-jetzt-tempelhof/" "Mozilla/5.0 (Macintosh; Intel Mac OS X 10_15_7) AppleWebKit/605.1.15 (KHTML, like Gecko) Version/17.4 Safari/605.1.15 (Applebot/0.1; +http://www.apple.com/go/applebot)"
17.246.19.98 - - [22/Apr/2026:21:17:06 +0200] "GET /wp-content/plugins/feedback-modal-for-website/assets/css/fm-public.css?ver=1.0.1 HTTP/1.1" 200 3700 "http://www.elineois.de/entsorgung-moebel-recycling-entsorgung-berlin-berlin-03060977577/tag/pauschalpreis-moebeltransport-berlin-jetzt-tempelhof/" "Mozilla/5.0 (Macintosh; Intel Mac OS X 10_15_7) AppleWebKit/605.1.15 (KHTML, like Gecko) Version/17.4 Safari/605.1.15 (Applebot/0.1; +http://www.apple.com/go/applebot)"
17.246.15.33 - - [22/Apr/2026:21:17:08 +0200] "GET /wp-includes/js/jquery/jquery-migrate.min.js?ver=3.4.1 HTTP/1.1" 200 4882 "http://www.elineois.de/entsorgung-moebel-recycling-entsorgung-berlin-berlin-03060977577/tag/pauschalpreis-moebeltransport-berlin-jetzt-tempelhof/" "Mozilla/5.0 (Macintosh; Intel Mac OS X 10_15_7) AppleWebKit/605.1.15 (KHTML, like Gecko) Version/17.4 Safari/605.1.15 (Applebot/0.1; +http://www.apple.com/go/applebot)"
17.246.19.195 - - [22/Apr/2026:21:17:10 +0200] "GET /wp-content/plugins/feedback-modal-for-website/assets/icons/line-awesome/css/la.min.css?ver=1.3.0 HTTP/1.1" 200 15912 "http://www.elineois.de/entsorgung-moebel-recycling-entsorgung-berlin-berlin-03060977577/tag/pauschalpreis-moebeltransport-berlin-jetzt-tempelhof/" "Mozilla/5.0 (Macintosh; Intel Mac OS X 10_15_7) AppleWebKit/605.1.15 (KHTML, like Gecko) Version/17.4 Safari/605.1.15 (Applebot/0.1; +http://www.apple.com/go/applebot)"
17.246.15.33 - - [22/Apr/2026:21:17:14 +0200] "GET /wp-includes/js/jquery/jquery.min.js?ver=3.7.1 HTTP/1.1" 200 30355 "http://www.elineois.de/entsorgung-moebel-recycling-entsorgung-berlin-berlin-03060977577/tag/pauschalpreis-moebeltransport-berlin-jetzt-tempelhof/" "Mozilla/5.0 (Macintosh; Intel Mac OS X 10_15_7) AppleWebKit/605.1.15 (KHTML, like Gecko) Version/17.4 Safari/605.1.15 (Applebot/0.1; +http://www.apple.com/go/applebot)"
17.246.15.151 - - [22/Apr/2026:21:17:16 +0200] "GET /wp-content/themes/twentyseventeen/assets/js/global.js?ver=1.0 HTTP/1.1" 200 2616 "http://www.elineois.de/entsorgung-moebel-recycling-entsorgung-berlin-berlin-03060977577/tag/pauschalpreis-moebeltransport-berlin-jetzt-tempelhof/" "Mozilla/5.0 (Macintosh; Intel Mac OS X 10_15_7) AppleWebKit/605.1.15 (KHTML, like Gecko) Version/17.4 Safari/605.1.15 (Applebot/0.1; +http://www.apple.com/go/applebot)"
17.246.15.33 - - [22/Apr/2026:21:17:17 +0200] "GET /wp-content/plugins/feedback-modal-for-website/assets/js/fm-public.js?ver=1.0.1 HTTP/1.1" 200 1918 "http://www.elineois.de/entsorgung-moebel-recycling-entsorgung-berlin-berlin-03060977577/tag/pauschalpreis-moebeltransport-berlin-jetzt-tempelhof/" "Mozilla/5.0 (Macintosh; Intel Mac OS X 10_15_7) AppleWebKit/605.1.15 (KHTML, like Gecko) Version/17.4 Safari/605.1.15 (Applebot/0.1; +http://www.apple.com/go/applebot)"
17.246.19.141 - - [22/Apr/2026:21:17:42 +0200] "GET /wp-content/themes/twentyseventeen/assets/js/jquery.scrollTo.js?ver=2.1.2 HTTP/1.1" 200 2421 "http://www.elineois.de/entsorgung-moebel-recycling-entsorgung-berlin-berlin-03060977577/tag/pauschalpreis-moebeltransport-berlin-jetzt-tempelhof/" "Mozilla/5.0 (Macintosh; Intel Mac OS X 10_15_7) AppleWebKit/605.1.15 (KHTML, like Gecko) Version/17.4 Safari/605.1.15 (Applebot/0.1; +http://www.apple.com/go/applebot)"
17.246.19.141 - - [22/Apr/2026:21:17:47 +0200] "GET /wp-includes/js/wp-emoji-release.min.js?ver=6.9.4 HTTP/1.1" 200 5281 "http://www.elineois.de/entsorgung-moebel-recycling-entsorgung-berlin-berlin-03060977577/tag/pauschalpreis-moebeltransport-berlin-jetzt-tempelhof/" "Mozilla/5.0 (Macintosh; Intel Mac OS X 10_15_7) AppleWebKit/605.1.15 (KHTML, like Gecko) Version/17.4 Safari/605.1.15 (Applebot/0.1; +http://www.apple.com/go/applebot)"
54.37.23.179 - - [22/Apr/2026:21:19:52 +0200] "GET /wp-content/uploads/2018/04/elineois24recycling.jpg HTTP/1.1" 200 18585 "-" "python-urllib3/1.26.9"
54.37.23.179 - - [22/Apr/2026:21:20:15 +0200] "GET /img/entrumpelungen.jpg HTTP/1.1" 200 25577 "-" "python-urllib3/1.26.9"
54.37.23.179 - - [22/Apr/2026:21:20:36 +0200] "GET /wp-content/uploads/2018/07/d371ize880-300x300.jpg HTTP/1.1" 200 21035 "-" "python-urllib3/1.26.9"
54.37.22.47 - - [22/Apr/2026:21:24:19 +0200] "GET /wp-content/uploads/2018/04/cropped-elineois24recycling.jpg HTTP/1.1" 200 145995 "-" "python-urllib3/1.26.18"
54.37.22.47 - - [22/Apr/2026:21:24:22 +0200] "GET /wp-content/uploads/2018/07/d371ize880-300x300.jpg HTTP/1.1" 200 21035 "-" "python-urllib3/1.26.18"
54.37.23.187 - - [22/Apr/2026:21:24:46 +0200] "GET /img/entrumpelungen.jpg HTTP/1.1" 200 25577 "-" "python-urllib3/1.26.9"
54.37.23.187 - - [22/Apr/2026:21:25:44 +0200] "GET /wp-content/uploads/2018/07/d371ize880-300x300.jpg HTTP/1.1" 200 21035 "-" "python-urllib3/1.26.9"
54.37.23.187 - - [22/Apr/2026:21:26:13 +0200] "GET /wp-content/uploads/2018/04/elineois24recycling.jpg HTTP/1.1" 200 18585 "-" "python-urllib3/1.26.9"
54.37.23.106 - - [22/Apr/2026:21:35:20 +0200] "GET /wp-content/uploads/2018/07/d371ize880-300x300.jpg HTTP/1.1" 200 21035 "-" "python-urllib3/1.26.9"
54.37.23.106 - - [22/Apr/2026:21:36:06 +0200] "GET /img/entrumpelungen.jpg HTTP/1.1" 200 25577 "-" "python-urllib3/1.26.9"
54.37.23.106 - - [22/Apr/2026:21:36:27 +0200] "GET /wp-content/uploads/2018/04/elineois24recycling.jpg HTTP/1.1" 200 18585 "-" "python-urllib3/1.26.9"
217.138.216.172 - - [22/Apr/2026:21:40:15 +0200] "GET /wp-content/themes/twentyseventeen/style.css?ver=6.9.4 HTTP/1.1" 200 15574 "http://www.elineois.de/" "Mozilla/5.0 (Windows NT 10.0; Win64; x64; rv:149.0) Gecko/20100101 Firefox/149.0"
217.138.216.172 - - [22/Apr/2026:21:40:15 +0200] "GET /wp-includes/js/jquery/jquery.min.js?ver=3.7.1 HTTP/1.1" 200 30355 "http://www.elineois.de/" "Mozilla/5.0 (Windows NT 10.0; Win64; x64; rv:149.0) Gecko/20100101 Firefox/149.0"
217.138.216.172 - - [22/Apr/2026:21:40:15 +0200] "GET /wp-content/plugins/feedback-modal-for-website/assets/icons/line-awesome/css/la.min.css?ver=1.3.0 HTTP/1.1" 200 15912 "http://www.elineois.de/" "Mozilla/5.0 (Windows NT 10.0; Win64; x64; rv:149.0) Gecko/20100101 Firefox/149.0"
217.138.216.172 - - [22/Apr/2026:21:40:15 +0200] "GET /wp-content/plugins/feedback-modal-for-website/assets/css/fm-public.css?ver=1.0.1 HTTP/1.1" 200 3700 "http://www.elineois.de/" "Mozilla/5.0 (Windows NT 10.0; Win64; x64; rv:149.0) Gecko/20100101 Firefox/149.0"
217.138.216.172 - - [22/Apr/2026:21:40:15 +0200] "GET /wp-content/themes/twentyseventeen/assets/js/global.js?ver=1.0 HTTP/1.1" 200 2616 "http://www.elineois.de/" "Mozilla/5.0 (Windows NT 10.0; Win64; x64; rv:149.0) Gecko/20100101 Firefox/149.0"
217.138.216.172 - - [22/Apr/2026:21:40:15 +0200] "GET /wp-includes/js/jquery/jquery-migrate.min.js?ver=3.4.1 HTTP/1.1" 200 4882 "http://www.elineois.de/" "Mozilla/5.0 (Windows NT 10.0; Win64; x64; rv:149.0) Gecko/20100101 Firefox/149.0"
217.138.216.172 - - [22/Apr/2026:21:40:15 +0200] "GET /wp-content/themes/twentyseventeen/assets/js/jquery.scrollTo.js?ver=2.1.2 HTTP/1.1" 200 2421 "http://www.elineois.de/" "Mozilla/5.0 (Windows NT 10.0; Win64; x64; rv:149.0) Gecko/20100101 Firefox/149.0"
217.138.216.172 - - [22/Apr/2026:21:40:15 +0200] "GET /wp-content/plugins/feedback-modal-for-website/assets/js/fm-public.js?ver=1.0.1 HTTP/1.1" 200 1918 "http://www.elineois.de/" "Mozilla/5.0 (Windows NT 10.0; Win64; x64; rv:149.0) Gecko/20100101 Firefox/149.0"
217.138.216.172 - - [22/Apr/2026:21:40:15 +0200] "GET /wp-content/uploads/2021/03/cropped-IMG_2373-1.jpg HTTP/1.1" 200 33480 "http://www.elineois.de/" "Mozilla/5.0 (Windows NT 10.0; Win64; x64; rv:149.0) Gecko/20100101 Firefox/149.0"
217.138.216.172 - - [22/Apr/2026:21:40:15 +0200] "GET /wp-content/uploads/2018/04/cropped-elineois24recycling.jpg HTTP/1.1" 200 145995 "http://www.elineois.de/" "Mozilla/5.0 (Windows NT 10.0; Win64; x64; rv:149.0) Gecko/20100101 Firefox/149.0"
217.138.216.172 - - [22/Apr/2026:21:40:15 +0200] "GET /img/entrumpelungen.jpg HTTP/1.1" 200 25577 "http://www.elineois.de/" "Mozilla/5.0 (Windows NT 10.0; Win64; x64; rv:149.0) Gecko/20100101 Firefox/149.0"
217.138.216.172 - - [22/Apr/2026:21:40:16 +0200] "GET /wp-content/plugins/feedback-modal-for-website/assets/icons/line-awesome/fonts/la-solid-900.woff2 HTTP/1.1" 200 96752 "http://www.elineois.de/wp-content/plugins/feedback-modal-for-website/assets/icons/line-awesome/css/la.min.css?ver=1.3.0" "Mozilla/5.0 (Windows NT 10.0; Win64; x64; rv:149.0) Gecko/20100101 Firefox/149.0"
217.138.216.172 - - [22/Apr/2026:21:40:17 +0200] "GET /wp-content/uploads/2021/03/cropped-IMG_2373-192x192.jpg HTTP/1.1" 200 24691 "http://www.elineois.de/" "Mozilla/5.0 (Windows NT 10.0; Win64; x64; rv:149.0) Gecko/20100101 Firefox/149.0"
217.138.216.172 - - [22/Apr/2026:21:40:17 +0200] "GET /favicon.ico HTTP/1.1" 200 15406 "http://www.elineois.de/" "Mozilla/5.0 (Windows NT 10.0; Win64; x64; rv:149.0) Gecko/20100101 Firefox/149.0"
217.138.216.172 - - [22/Apr/2026:21:40:20 +0200] "GET /wp-includes/js/wp-emoji-release.min.js?ver=6.9.4 HTTP/1.1" 200 5281 "http://www.elineois.de/" "Mozilla/5.0 (Windows NT 10.0; Win64; x64; rv:149.0) Gecko/20100101 Firefox/149.0"
54.37.23.114 - - [22/Apr/2026:21:47:03 +0200] "GET /wp-content/uploads/2018/07/d371ize880-300x300.jpg HTTP/1.1" 200 21035 "-" "python-urllib3/1.26.9"
54.37.23.114 - - [22/Apr/2026:21:47:25 +0200] "GET /img/entrumpelungen.jpg HTTP/1.1" 200 25577 "-" "python-urllib3/1.26.9"
54.37.23.114 - - [22/Apr/2026:21:47:45 +0200] "GET /wp-content/uploads/2018/04/elineois24recycling.jpg HTTP/1.1" 200 18585 "-" "python-urllib3/1.26.9"
54.37.23.106 - - [22/Apr/2026:22:03:10 +0200] "GET /wp-content/uploads/2018/07/d371ize880-300x300.jpg HTTP/1.1" 200 21035 "-" "python-urllib3/1.26.9"
54.37.23.106 - - [22/Apr/2026:22:03:53 +0200] "GET /img/entrumpelungen.jpg HTTP/1.1" 200 25577 "-" "python-urllib3/1.26.9"
54.37.23.106 - - [22/Apr/2026:22:04:14 +0200] "GET /wp-content/uploads/2018/04/elineois24recycling.jpg HTTP/1.1" 200 18585 "-" "python-urllib3/1.26.9"
17.22.237.235 - - [22/Apr/2026:22:04:22 +0200] "GET /wp-content/plugins/feedback-modal-for-website/assets/icons/line-awesome/css/la.min.css?ver=1.3.0 HTTP/1.1" 200 15912 "http://www.elineois.de/?s=%E3%83%88%E3%83%AB%E3%82%BD%E3%83%BC%E3%83%91%E3%83%83%E3%82%AF%20314%20KATA%20%E3%83%A9%E3%82%A4%E3%83%88%E3%83%AA%20PLKT%20PL-LT-314%20%E3%82%AB%E3%82%BFWa.86b747" "Mozilla/5.0 (Macintosh; Intel Mac OS X 10_15_7) AppleWebKit/605.1.15 (KHTML, like Gecko) Version/17.4 Safari/605.1.15 (Applebot/0.1; +http://www.apple.com/go/applebot)"
17.22.237.235 - - [22/Apr/2026:22:04:23 +0200] "GET /wp-content/themes/twentyseventeen/assets/js/global.js?ver=1.0 HTTP/1.1" 200 2616 "http://www.elineois.de/?s=%E3%83%88%E3%83%AB%E3%82%BD%E3%83%BC%E3%83%91%E3%83%83%E3%82%AF%20314%20KATA%20%E3%83%A9%E3%82%A4%E3%83%88%E3%83%AA%20PLKT%20PL-LT-314%20%E3%82%AB%E3%82%BFWa.86b747" "Mozilla/5.0 (Macintosh; Intel Mac OS X 10_15_7) AppleWebKit/605.1.15 (KHTML, like Gecko) Version/17.4 Safari/605.1.15 (Applebot/0.1; +http://www.apple.com/go/applebot)"
17.22.253.121 - - [22/Apr/2026:22:04:25 +0200] "GET /wp-content/themes/twentyseventeen/style.css?ver=6.9.4 HTTP/1.1" 200 15574 "http://www.elineois.de/?s=%E3%83%88%E3%83%AB%E3%82%BD%E3%83%BC%E3%83%91%E3%83%83%E3%82%AF%20314%20KATA%20%E3%83%A9%E3%82%A4%E3%83%88%E3%83%AA%20PLKT%20PL-LT-314%20%E3%82%AB%E3%82%BFWa.86b747" "Mozilla/5.0 (Macintosh; Intel Mac OS X 10_15_7) AppleWebKit/605.1.15 (KHTML, like Gecko) Version/17.4 Safari/605.1.15 (Applebot/0.1; +http://www.apple.com/go/applebot)"
17.22.237.235 - - [22/Apr/2026:22:04:26 +0200] "GET /wp-content/themes/twentyseventeen/assets/js/jquery.scrollTo.js?ver=2.1.2 HTTP/1.1" 200 2421 "http://www.elineois.de/?s=%E3%83%88%E3%83%AB%E3%82%BD%E3%83%BC%E3%83%91%E3%83%83%E3%82%AF%20314%20KATA%20%E3%83%A9%E3%82%A4%E3%83%88%E3%83%AA%20PLKT%20PL-LT-314%20%E3%82%AB%E3%82%BFWa.86b747" "Mozilla/5.0 (Macintosh; Intel Mac OS X 10_15_7) AppleWebKit/605.1.15 (KHTML, like Gecko) Version/17.4 Safari/605.1.15 (Applebot/0.1; +http://www.apple.com/go/applebot)"
17.22.237.55 - - [22/Apr/2026:22:04:28 +0200] "GET /wp-content/plugins/feedback-modal-for-website/assets/css/fm-public.css?ver=1.0.1 HTTP/1.1" 200 3700 "http://www.elineois.de/?s=%E3%83%88%E3%83%AB%E3%82%BD%E3%83%BC%E3%83%91%E3%83%83%E3%82%AF%20314%20KATA%20%E3%83%A9%E3%82%A4%E3%83%88%E3%83%AA%20PLKT%20PL-LT-314%20%E3%82%AB%E3%82%BFWa.86b747" "Mozilla/5.0 (Macintosh; Intel Mac OS X 10_15_7) AppleWebKit/605.1.15 (KHTML, like Gecko) Version/17.4 Safari/605.1.15 (Applebot/0.1; +http://www.apple.com/go/applebot)"
17.22.253.121 - - [22/Apr/2026:22:04:30 +0200] "GET /wp-content/plugins/feedback-modal-for-website/assets/js/fm-public.js?ver=1.0.1 HTTP/1.1" 200 1918 "http://www.elineois.de/?s=%E3%83%88%E3%83%AB%E3%82%BD%E3%83%BC%E3%83%91%E3%83%83%E3%82%AF%20314%20KATA%20%E3%83%A9%E3%82%A4%E3%83%88%E3%83%AA%20PLKT%20PL-LT-314%20%E3%82%AB%E3%82%BFWa.86b747" "Mozilla/5.0 (Macintosh; Intel Mac OS X 10_15_7) AppleWebKit/605.1.15 (KHTML, like Gecko) Version/17.4 Safari/605.1.15 (Applebot/0.1; +http://www.apple.com/go/applebot)"
17.22.237.167 - - [22/Apr/2026:22:04:31 +0200] "GET /wp-includes/js/jquery/jquery.min.js?ver=3.7.1 HTTP/1.1" 200 30355 "http://www.elineois.de/?s=%E3%83%88%E3%83%AB%E3%82%BD%E3%83%BC%E3%83%91%E3%83%83%E3%82%AF%20314%20KATA%20%E3%83%A9%E3%82%A4%E3%83%88%E3%83%AA%20PLKT%20PL-LT-314%20%E3%82%AB%E3%82%BFWa.86b747" "Mozilla/5.0 (Macintosh; Intel Mac OS X 10_15_7) AppleWebKit/605.1.15 (KHTML, like Gecko) Version/17.4 Safari/605.1.15 (Applebot/0.1; +http://www.apple.com/go/applebot)"
17.22.245.100 - - [22/Apr/2026:22:04:33 +0200] "GET /wp-includes/js/jquery/jquery-migrate.min.js?ver=3.4.1 HTTP/1.1" 200 4882 "http://www.elineois.de/?s=%E3%83%88%E3%83%AB%E3%82%BD%E3%83%BC%E3%83%91%E3%83%83%E3%82%AF%20314%20KATA%20%E3%83%A9%E3%82%A4%E3%83%88%E3%83%AA%20PLKT%20PL-LT-314%20%E3%82%AB%E3%82%BFWa.86b747" "Mozilla/5.0 (Macintosh; Intel Mac OS X 10_15_7) AppleWebKit/605.1.15 (KHTML, like Gecko) Version/17.4 Safari/605.1.15 (Applebot/0.1; +http://www.apple.com/go/applebot)"
17.22.253.104 - - [22/Apr/2026:22:04:36 +0200] "GET /wp-includes/js/wp-emoji-release.min.js?ver=6.9.4 HTTP/1.1" 200 5281 "http://www.elineois.de/?s=%E3%83%88%E3%83%AB%E3%82%BD%E3%83%BC%E3%83%91%E3%83%83%E3%82%AF%20314%20KATA%20%E3%83%A9%E3%82%A4%E3%83%88%E3%83%AA%20PLKT%20PL-LT-314%20%E3%82%AB%E3%82%BFWa.86b747" "Mozilla/5.0 (Macintosh; Intel Mac OS X 10_15_7) AppleWebKit/605.1.15 (KHTML, like Gecko) Version/17.4 Safari/605.1.15 (Applebot/0.1; +http://www.apple.com/go/applebot)"
147.135.195.193 - - [22/Apr/2026:22:05:26 +0200] "GET /img/entrumpelungen.jpg HTTP/1.1" 200 25577 "-" "python-urllib3/1.26.9"
147.135.195.193 - - [22/Apr/2026:22:05:46 +0200] "GET /wp-content/uploads/2018/04/elineois24recycling.jpg HTTP/1.1" 200 18585 "-" "python-urllib3/1.26.9"
147.135.195.193 - - [22/Apr/2026:22:06:03 +0200] "GET /wp-content/uploads/2018/07/d371ize880-300x300.jpg HTTP/1.1" 200 21035 "-" "python-urllib3/1.26.9"
147.135.195.193 - - [22/Apr/2026:22:06:15 +0200] "GET /wp-content/uploads/2018/04/cropped-elineois24recycling.jpg HTTP/1.1" 200 145995 "-" "python-urllib3/1.26.9"
147.135.193.88 - - [22/Apr/2026:22:06:41 +0200] "GET /wp-content/uploads/2018/07/d371ize880-300x300.jpg HTTP/1.1" 200 21035 "-" "python-urllib3/1.26.9"
147.135.193.88 - - [22/Apr/2026:22:07:02 +0200] "GET /img/entrumpelungen.jpg HTTP/1.1" 200 25577 "-" "python-urllib3/1.26.9"
147.135.193.88 - - [22/Apr/2026:22:07:43 +0200] "GET /wp-content/uploads/2018/04/elineois24recycling.jpg HTTP/1.1" 200 18585 "-" "python-urllib3/1.26.9"
54.37.22.95 - - [22/Apr/2026:22:12:53 +0200] "GET /wp-content/uploads/2018/07/d371ize880-300x300.jpg HTTP/1.1" 200 21035 "-" "python-urllib3/1.26.18"
54.37.22.95 - - [22/Apr/2026:22:14:21 +0200] "GET /wp-content/uploads/2018/04/elineois24recycling.jpg HTTP/1.1" 200 18585 "-" "python-urllib3/1.26.18"
54.37.23.179 - - [22/Apr/2026:22:14:38 +0200] "GET /wp-content/uploads/2018/04/elineois24recycling.jpg HTTP/1.1" 200 18585 "-" "python-urllib3/1.26.9"
54.37.23.179 - - [22/Apr/2026:22:14:57 +0200] "GET /img/entrumpelungen.jpg HTTP/1.1" 200 25577 "-" "python-urllib3/1.26.9"
54.37.22.95 - - [22/Apr/2026:22:15:08 +0200] "GET /img/entrumpelungen.jpg HTTP/1.1" 200 25577 "-" "python-urllib3/1.26.18"
54.37.23.179 - - [22/Apr/2026:22:15:17 +0200] "GET /wp-content/uploads/2018/07/d371ize880-300x300.jpg HTTP/1.1" 200 21035 "-" "python-urllib3/1.26.9"
188.34.164.89 - - [22/Apr/2026:22:24:15 +0200] "GET /wp-content/themes/twentyseventeen/style.css?ver=6.9.4 HTTP/1.1" 200 15574 "http://www.elineois.de/" "page-preview-tool Mozilla/5.0 (Windows NT 10.0; Win64; x64) AppleWebKit/537.36 (KHTML, like Gecko) Chrome/80.0.3987.132 Safari/537.36"
188.34.164.89 - - [22/Apr/2026:22:24:15 +0200] "GET /wp-includes/js/jquery/jquery-migrate.min.js?ver=3.4.1 HTTP/1.1" 200 4882 "http://www.elineois.de/" "page-preview-tool Mozilla/5.0 (Windows NT 10.0; Win64; x64) AppleWebKit/537.36 (KHTML, like Gecko) Chrome/80.0.3987.132 Safari/537.36"
188.34.164.89 - - [22/Apr/2026:22:24:15 +0200] "GET /wp-content/plugins/feedback-modal-for-website/assets/css/fm-public.css?ver=1.0.1 HTTP/1.1" 200 3700 "http://www.elineois.de/" "page-preview-tool Mozilla/5.0 (Windows NT 10.0; Win64; x64) AppleWebKit/537.36 (KHTML, like Gecko) Chrome/80.0.3987.132 Safari/537.36"
188.34.164.89 - - [22/Apr/2026:22:24:15 +0200] "GET /wp-content/plugins/feedback-modal-for-website/assets/icons/line-awesome/css/la.min.css?ver=1.3.0 HTTP/1.1" 200 15912 "http://www.elineois.de/" "page-preview-tool Mozilla/5.0 (Windows NT 10.0; Win64; x64) AppleWebKit/537.36 (KHTML, like Gecko) Chrome/80.0.3987.132 Safari/537.36"
188.34.164.89 - - [22/Apr/2026:22:24:15 +0200] "GET /wp-includes/js/jquery/jquery.min.js?ver=3.7.1 HTTP/1.1" 200 30355 "http://www.elineois.de/" "page-preview-tool Mozilla/5.0 (Windows NT 10.0; Win64; x64) AppleWebKit/537.36 (KHTML, like Gecko) Chrome/80.0.3987.132 Safari/537.36"
188.34.164.89 - - [22/Apr/2026:22:24:15 +0200] "GET /wp-content/themes/twentyseventeen/assets/js/global.js?ver=1.0 HTTP/1.1" 200 2616 "http://www.elineois.de/" "page-preview-tool Mozilla/5.0 (Windows NT 10.0; Win64; x64) AppleWebKit/537.36 (KHTML, like Gecko) Chrome/80.0.3987.132 Safari/537.36"
188.34.164.89 - - [22/Apr/2026:22:24:15 +0200] "GET /wp-content/themes/twentyseventeen/assets/js/jquery.scrollTo.js?ver=2.1.2 HTTP/1.1" 200 2421 "http://www.elineois.de/" "page-preview-tool Mozilla/5.0 (Windows NT 10.0; Win64; x64) AppleWebKit/537.36 (KHTML, like Gecko) Chrome/80.0.3987.132 Safari/537.36"
188.34.164.89 - - [22/Apr/2026:22:24:15 +0200] "GET /wp-content/plugins/feedback-modal-for-website/assets/js/fm-public.js?ver=1.0.1 HTTP/1.1" 200 1918 "http://www.elineois.de/" "page-preview-tool Mozilla/5.0 (Windows NT 10.0; Win64; x64) AppleWebKit/537.36 (KHTML, like Gecko) Chrome/80.0.3987.132 Safari/537.36"
188.34.164.89 - - [22/Apr/2026:22:24:15 +0200] "GET /wp-includes/js/wp-emoji-release.min.js?ver=6.9.4 HTTP/1.1" 200 5281 "http://www.elineois.de/" "page-preview-tool Mozilla/5.0 (Windows NT 10.0; Win64; x64) AppleWebKit/537.36 (KHTML, like Gecko) Chrome/80.0.3987.132 Safari/537.36"
54.37.23.137 - - [22/Apr/2026:22:24:23 +0200] "GET /img/entrumpelungen.jpg HTTP/1.1" 200 25577 "-" "python-urllib3/1.26.9"
54.37.23.137 - - [22/Apr/2026:22:25:05 +0200] "GET /wp-content/uploads/2018/07/d371ize880-300x300.jpg HTTP/1.1" 200 21035 "-" "python-urllib3/1.26.9"
54.37.23.137 - - [22/Apr/2026:22:25:26 +0200] "GET /wp-content/uploads/2018/04/elineois24recycling.jpg HTTP/1.1" 200 18585 "-" "python-urllib3/1.26.9"
145.239.15.241 - - [22/Apr/2026:22:44:11 +0200] "GET /wp-content/uploads/2018/04/elineois24recycling.jpg HTTP/1.1" 200 18585 "-" "python-urllib3/1.26.18"
54.37.151.0 - - [22/Apr/2026:22:45:39 +0200] "GET /img/entrumpelungen.jpg HTTP/1.1" 200 25577 "-" "python-urllib3/1.26.18"
54.37.151.0 - - [22/Apr/2026:22:45:39 +0200] "GET /wp-content/uploads/2018/04/elineois24recycling.jpg HTTP/1.1" 200 18585 "-" "python-urllib3/1.26.18"
54.37.151.0 - - [22/Apr/2026:22:45:40 +0200] "GET /wp-content/uploads/2018/04/cropped-elineois24recycling.jpg HTTP/1.1" 200 145995 "-" "python-urllib3/1.26.18"
54.37.151.0 - - [22/Apr/2026:22:45:41 +0200] "GET /wp-content/uploads/2018/07/d371ize880-300x300.jpg HTTP/1.1" 200 21035 "-" "python-urllib3/1.26.18"
54.37.22.13 - - [22/Apr/2026:22:59:13 +0200] "GET /wp-content/uploads/2018/07/d371ize880-300x300.jpg HTTP/1.1" 200 21035 "-" "python-urllib3/1.26.18"
54.37.23.119 - - [22/Apr/2026:22:59:28 +0200] "GET /wp-content/uploads/2018/04/elineois24recycling.jpg HTTP/1.1" 200 18585 "-" "python-urllib3/1.26.9"
54.37.23.119 - - [22/Apr/2026:22:59:28 +0200] "GET /img/entrumpelungen.jpg HTTP/1.1" 200 25577 "-" "python-urllib3/1.26.9"
54.37.23.119 - - [22/Apr/2026:22:59:49 +0200] "GET /wp-content/uploads/2018/07/d371ize880-300x300.jpg HTTP/1.1" 200 21035 "-" "python-urllib3/1.26.9"
54.37.22.13 - - [22/Apr/2026:22:59:52 +0200] "GET /wp-content/uploads/2018/04/elineois24recycling.jpg HTTP/1.1" 200 18585 "-" "python-urllib3/1.26.18"
54.37.22.13 - - [22/Apr/2026:23:00:33 +0200] "GET /img/entrumpelungen.jpg HTTP/1.1" 200 25577 "-" "python-urllib3/1.26.18"
145.239.15.241 - - [22/Apr/2026:23:03:45 +0200] "GET /wp-content/uploads/2018/04/elineois24recycling.jpg HTTP/1.1" 200 18585 "-" "python-urllib3/1.26.18"
54.37.23.16 - - [22/Apr/2026:23:04:00 +0200] "GET /wp-content/uploads/2018/04/elineois24recycling.jpg HTTP/1.1" 200 18585 "-" "python-urllib3/1.26.9"
145.239.15.241 - - [22/Apr/2026:23:04:11 +0200] "GET /img/entrumpelungen.jpg HTTP/1.1" 200 25577 "-" "python-urllib3/1.26.18"
54.37.23.16 - - [22/Apr/2026:23:04:20 +0200] "GET /img/entrumpelungen.jpg HTTP/1.1" 200 25577 "-" "python-urllib3/1.26.9"
54.37.23.16 - - [22/Apr/2026:23:04:39 +0200] "GET /wp-content/uploads/2018/07/d371ize880-300x300.jpg HTTP/1.1" 200 21035 "-" "python-urllib3/1.26.9"
205.209.106.132 - - [22/Apr/2026:23:10:41 +0200] "GET /img/entrumpelungen.jpg HTTP/1.1" 200 25577 "http://www.elineois.de" "Mozilla/5.0 (Windows NT 10.0; Win64; x64) AppleWebKit/537.36 (KHTML, like Gecko) Chrome/122.0.0.0 Safari/537.36"
205.209.106.132 - - [22/Apr/2026:23:10:56 +0200] "GET /wp-content/uploads/2018/04/elineois24recycling.jpg HTTP/1.1" 200 18585 "http://www.elineois.de" "Mozilla/5.0 (Windows NT 10.0; Win64; x64) AppleWebKit/537.36 (KHTML, like Gecko) Chrome/122.0.0.0 Safari/537.36"
205.209.106.132 - - [22/Apr/2026:23:11:20 +0200] "GET /wp-content/uploads/2018/07/d371ize880-300x300.jpg HTTP/1.1" 200 21035 "http://www.elineois.de" "Mozilla/5.0 (Windows NT 10.0; Win64; x64) AppleWebKit/537.36 (KHTML, like Gecko) Chrome/122.0.0.0 Safari/537.36"
205.209.106.132 - - [22/Apr/2026:23:11:53 +0200] "GET /wp-content/uploads/2018/07/fr_9833_size880-1.jpg HTTP/1.1" 200 13453 "http://www.elineois.de" "Mozilla/5.0 (Windows NT 10.0; Win64; x64) AppleWebKit/537.36 (KHTML, like Gecko) Chrome/122.0.0.0 Safari/537.36"
145.239.15.241 - - [22/Apr/2026:23:23:20 +0200] "GET /wp-content/uploads/2018/04/elineois24recycling.jpg HTTP/1.1" 200 18585 "-" "python-urllib3/1.26.18"
145.239.15.241 - - [22/Apr/2026:23:23:44 +0200] "GET /img/entrumpelungen.jpg HTTP/1.1" 200 25577 "-" "python-urllib3/1.26.18"
54.37.23.106 - - [22/Apr/2026:23:46:09 +0200] "GET /wp-content/uploads/2018/07/d371ize880-300x300.jpg HTTP/1.1" 200 21035 "-" "python-urllib3/1.26.9"
54.37.23.106 - - [22/Apr/2026:23:46:40 +0200] "GET /wp-content/uploads/2018/04/cropped-elineois24recycling.jpg HTTP/1.1" 200 145995 "-" "python-urllib3/1.26.9"
54.37.23.106 - - [22/Apr/2026:23:46:56 +0200] "GET /img/entrumpelungen.jpg HTTP/1.1" 200 25577 "-" "python-urllib3/1.26.9"
54.37.23.106 - - [22/Apr/2026:23:47:10 +0200] "GET /wp-content/uploads/2018/04/elineois24recycling.jpg HTTP/1.1" 200 18585 "-" "python-urllib3/1.26.9"
147.135.193.88 - - [22/Apr/2026:23:53:00 +0200] "GET /wp-content/uploads/2018/07/d371ize880-300x300.jpg HTTP/1.1" 200 21035 "-" "python-urllib3/1.26.9"
147.135.193.88 - - [22/Apr/2026:23:53:28 +0200] "GET /img/entrumpelungen.jpg HTTP/1.1" 200 25577 "-" "python-urllib3/1.26.9"
147.135.193.88 - - [22/Apr/2026:23:53:28 +0200] "GET /wp-content/uploads/2018/04/cropped-elineois24recycling.jpg HTTP/1.1" 200 145995 "-" "python-urllib3/1.26.9"
147.135.193.88 - - [22/Apr/2026:23:54:42 +0200] "GET /wp-content/uploads/2018/04/elineois24recycling.jpg HTTP/1.1" 200 18585 "-" "python-urllib3/1.26.9"
54.37.23.16 - - [22/Apr/2026:23:58:12 +0200] "GET /wp-content/uploads/2018/04/elineois24recycling.jpg HTTP/1.1" 200 18585 "-" "python-urllib3/1.26.9"
54.37.23.106 - - [22/Apr/2026:23:58:26 +0200] "GET /wp-content/uploads/2018/04/elineois24recycling.jpg HTTP/1.1" 200 18585 "-" "python-urllib3/1.26.9"
54.37.23.16 - - [22/Apr/2026:23:58:33 +0200] "GET /img/entrumpelungen.jpg HTTP/1.1" 200 25577 "-" "python-urllib3/1.26.9"
54.37.23.106 - - [22/Apr/2026:23:58:47 +0200] "GET /wp-content/uploads/2018/07/d371ize880-300x300.jpg HTTP/1.1" 200 21035 "-" "python-urllib3/1.26.9"
54.37.23.16 - - [22/Apr/2026:23:58:53 +0200] "GET /wp-content/uploads/2018/07/d371ize880-300x300.jpg HTTP/1.1" 200 21035 "-" "python-urllib3/1.26.9"
54.37.23.106 - - [22/Apr/2026:23:59:29 +0200] "GET /img/entrumpelungen.jpg HTTP/1.1" 200 25577 "-" "python-urllib3/1.26.9"
54.37.23.179 - - [23/Apr/2026:00:04:05 +0200] "GET /wp-content/uploads/2018/04/elineois24recycling.jpg HTTP/1.1" 200 18585 "-" "python-urllib3/1.26.9"
54.37.23.179 - - [23/Apr/2026:00:04:26 +0200] "GET /img/entrumpelungen.jpg HTTP/1.1" 200 25577 "-" "python-urllib3/1.26.9"
54.37.23.179 - - [23/Apr/2026:00:04:46 +0200] "GET /wp-content/uploads/2018/07/d371ize880-300x300.jpg HTTP/1.1" 200 21035 "-" "python-urllib3/1.26.9"
54.37.23.119 - - [23/Apr/2026:00:14:47 +0200] "GET /wp-content/uploads/2018/04/cropped-elineois24recycling.jpg HTTP/1.1" 200 145995 "-" "python-urllib3/1.26.9"
54.37.23.119 - - [23/Apr/2026:00:14:49 +0200] "GET /img/entrumpelungen.jpg HTTP/1.1" 200 25577 "-" "python-urllib3/1.26.9"
54.37.23.106 - - [23/Apr/2026:00:25:51 +0200] "GET /wp-content/uploads/2018/07/d371ize880-300x300.jpg HTTP/1.1" 200 21035 "-" "python-urllib3/1.26.9"
54.37.23.106 - - [23/Apr/2026:00:26:34 +0200] "GET /img/entrumpelungen.jpg HTTP/1.1" 200 25577 "-" "python-urllib3/1.26.9"
54.37.23.106 - - [23/Apr/2026:00:26:53 +0200] "GET /wp-content/uploads/2018/04/elineois24recycling.jpg HTTP/1.1" 200 18585 "-" "python-urllib3/1.26.9"

Zerion Mini Shell 1.0